he remainder when 91 is divided by j.
22
Let p(q) = -q - 7. Let m be p(-9). Suppose 4*n = -0*n - 4*v - 36, n - m*v = 0. Calculate the remainder when 55 + 1 + n/2 is divided by 18.
17
Suppose -7*b = -6*b - 1. Suppose 0 = -r + 2, 5*r - 3 = -3*q + 1. Let j = b - q. Calculate the remainder when 9 is divided by j.
0
Let s(t) = -8 + 10*t**2 + 4*t**3 - 2 + 7*t - 3*t**3. Let f = 58 + -67. Calculate the remainder when 23 is divided by s(f).
7
Let x(a) = a + 3. Let n be x(0). Suppose -37 = -5*i + i + 5*f, 2*i - n*f = 19. What is the remainder when 13 is divided by i?
5
Suppose -4*p + 8 = 2*l, -27 = -4*l - 2*p + 13. Let k = -29 + 65. Let u = l + k. What is the remainder when u is divided by 13?
9
Suppose 4*z - 27 = z. Suppose 0 = t + 4*c + z, c = 5*t - 2*c - 47. Calculate the remainder when t is divided by 3.
1
Calculate the remainder when 88 is divided by 1*692/9 - (-3)/27.
11
Suppose -3 - 243 = 3*y. Let w = y + 104. Let h(b) = -8*b. Calculate the remainder when h(-8) is divided by w.
20
Let w = 8 + 28. What is the remainder when w is divided by 22?
14
Suppose 3*v - 8 + 1 = 2*p, -v - 7 = -3*p. Suppose -4*d + 0 = -12. Suppose p*g - 112 = -d*g. Calculate the remainder when 63 is divided by g.
15
Let q(c) = -2*c**3 - 30*c**2 + 5*c - 35. Calculate the remainder when q(-16) is divided by 25.
22
Let a = 5 + -3. Let l(q) = -q + 23. Let c be l(0). Let k = c + -19. What is the remainder when k is divided by a?
0
Let y = -321 + 333. What is the remainder when 44 is divided by y?
8
Suppose -4*f + 205 = 73. Let q(w) = 2*w - 44. Let y be q(13). Let j = f + y. What is the remainder when 28 is divided by j?
13
Let w(d) = -5*d**3 + 13*d + 22. What is the remainder when w(-4) is divided by 92?
14
Let w = -1422 - -1440. Calculate the remainder when w is divided by (-7)/(-1 + 0/(-2)).
4
Suppose -119 = -5*q - 5*p + 1181, q + 3*p = 266. What is the remainder when q is divided by 52?
49
Let j(s) = -s**2 + 13*s - 12. Suppose i - 72 = -3*i. Suppose -7*v = -4*v - i. What is the remainder when j(11) is divided by v?
4
What is the remainder when 424/6*(-39)/(-26) is divided by 30?
16
Let u = 29 + -16. Calculate the remainder when u is divided by 273/30 + 1/(-2)*(-41)/(-205).
4
Let c(a) = -9*a - 16. Let n(q) = 3*q - 22. Calculate the remainder when c(-7) is divided by n(13).
13
Let f = -170 - -268. Let j = 118 - f. Calculate the remainder when 86 is divided by j.
6
Let s be 36 + 6/(6/(-3)). Suppose s - 109 = -4*v. What is the remainder when 37 is divided by v?
18
Suppose 4*h + 18942 = 18*h. Calculate the remainder when (0 + -3)/(h/(-168) - -8) is divided by 10.
6
Let d(k) = k**2 + 5*k - 11. Suppose -14 = 4*s + 18. Let c(v) = v**3 + 6*v**2 + v - 5. What is the remainder when c(-4) is divided by d(s)?
10
Let s(a) = a**2 - 33*a - 29. Calculate the remainder when 15 is divided by s(34).
0
Let j(o) = -3*o**2 + 18*o - 5. What is the remainder when 36 is divided by j(5)?
6
Let i = 2 + 4. Let o(x) be the third derivative of x**4/12 - x**3/2 + 7*x**2. Calculate the remainder when o(i) is divided by 4.
1
Let z(l) = 2*l + 32. Calculate the remainder when 171 is divided by z(-5).
17
Suppose 35*s + 8 = 36*s. Let j(g) = 9*g**2 - 6*g - 4 - 3*g**3 + 2*g**3 + 5. What is the remainder when 32 is divided by j(s)?
15
Suppose 5*a = 7*q + 263, -6*a + 3*a - 5*q = -167. Calculate the remainder when 267 is divided by a.
51
Let i(f) = 3*f + 44. What is the remainder when 795 is divided by i(-2)?
35
Let x(y) = -y**3 + 7*y**2 + 31*y + 20. Let u(v) = 3*v - 1. Suppose -5*k + 15 + 5 = 0. Calculate the remainder when x(10) is divided by u(k).
8
Let s = 57 + -45. Calculate the remainder when 13 is divided by s.
1
Suppose 34*x = -380 + 2216. What is the remainder when x is divided by 8?
6
Let h = 32 - -49. Suppose 5*n = -k + h, -4*n - 379 = -5*k - 61. Suppose 0 = -5*q + 24 + 61. Calculate the remainder when k is divided by q.
15
Suppose -4*u + 53 + 31 = 0. Let p be u + 7 + -3 + -2. Let r = -10 + p. What is the remainder when r is divided by 4?
1
Suppose 0 = -u - 5*w, -5*u = 3*w + 20 + 2. Suppose 3*s + 130 = -5*y, 3*y - 2*y = 4*s - 26. Let h = u - y. Calculate the remainder when h is divided by 11.
10
Let i = 449 - 172. What is the remainder when i is divided by 56?
53
Calculate the remainder when 77 is divided by (-12 - -30) + 0/(-1 - 2).
5
Let b = 15 + -2. Suppose -60*j + 308 = -56*j. Calculate the remainder when j is divided by b.
12
Calculate the remainder when ((-6)/8)/((-54)/225360) is divided by 13.
10
Let m = 138 - 215. Let z = m + 86. Let c(y) = -y + 9. Calculate the remainder when z is divided by c(7).
1
Suppose 4*t - 18 = 38. Suppose 2*i - 12 = t. What is the remainder when 1074/22 + 2/11 is divided by i?
10
Suppose -22 = -5*u + 8. Let x(i) be the first derivative of i**2/2 + 11*i - 5. What is the remainder when u is divided by x(-7)?
2
Let l = -50 - -52. Suppose -4*d - q + 71 = 0, l*d + 5*q - 9 = 22. What is the remainder when 161 is divided by d?
17
Suppose -45 = -2*r + 3*z, -100 + 80 = -2*r - 2*z. What is the remainder when 137 is divided by r?
2
What is the remainder when 190 is divided by -4 - ((-10902)/102 - 12/102)?
87
Suppose -l - y + 51 = -15, 4*y = -16. What is the remainder when l is divided by (-2)/(-3) + (-104)/(-6)?
16
Let z(a) = -a**2 - 2*a + 96. Calculate the remainder when 335 is divided by z(-10).
15
Suppose 4*a = 3*v + 1241 - 129, 2*a = -5*v + 556. What is the remainder when a is divided by 5?
3
Let w = 420 + -396. Calculate the remainder when 132 is divided by w.
12
Suppose 50 + 5 = 5*w. Let m be 25/75 - (160/6)/(-4). Let a = w - m. Calculate the remainder when a is divided by 3.
1
Let l be 10/(-25) + 52/5. Let z(x) = 5*x - 14. Let a be z(l). Suppose -a - 20 = -4*y. Calculate the remainder when 25 is divided by y.
11
Suppose -3*l - 2*c + 82 = 0, 0 = 4*l - 2*c - 3*c - 94. Suppose -l*q - 54 = -29*q. What is the remainder when 53 is divided by q?
17
Calculate the remainder when 79 is divided by ((-42)/(-35))/(4/70).
16
Let f be 0/7*2/4. Suppose f*c + 135 = 9*c. Let n = -3 - -12. Calculate the remainder when c is divided by n.
6
Suppose -4*g + 4*s = -103 + 31, 5*g - 81 = -4*s. Let m = -37 - -119. What is the remainder when m is divided by g?
14
Suppose 0 = 3*b + f - 37, -10*f - 43 = -5*b - 7*f. Calculate the remainder when 80 is divided by b.
3
Let x(p) = 5*p**2 - 10*p + 3. Calculate the remainder when 8 - -22 - (0 - 0) is divided by x(3).
12
Let d = -10 + 11. Let p = d + -3. Let k = 10 - p. Calculate the remainder when 35 is divided by k.
11
Let r(o) = -5*o. Let y(z) = z**3 + z**2 + 39. Let j = 46 - 46. What is the remainder when y(j) is divided by r(-2)?
9
Let p(g) = 1 - g + 8 + 3. Let k be 7/(-70) + 71/10. What is the remainder when 8 is divided by p(k)?
3
Let w = -10 + 12. Suppose 54 = p + j, p + 3*j - 34 = -w*j. What is the remainder when p is divided by 15?
14
Suppose 4*v + 2*c = 28, 0 = 4*v - 2*c - 10 - 26. Let q be (-8)/5 + v/(-20). What is the remainder when 8 is divided by 8/q + (-84)/(-12)?
2
Let d(l) = -l**3 - 13*l**2 - 13*l + 49. Suppose 16*h - 44 = 14*h. Calculate the remainder when d(-13) is divided by h.
20
Suppose -2*p = -p - 2. Suppose 3*h + p*h = -3*c - 6, -2*c = 2*h. Suppose 5*s - 118 = c*i - 2*i, 5*i = 2*s - 61. What is the remainder when s is divided by 12?
11
Suppose 4*r - 3*r = 22. What is the remainder when r is divided by (-4)/8*8 - -12?
6
Let z = 155 + -154. Calculate the remainder when 2 is divided by z.
0
Suppose 7*t - 12*t = 330. Let l = t - -99. Calculate the remainder when 98 is divided by l.
32
Suppose 85*u + 327 = 88*u. What is the remainder when u is divided by 45?
19
Let u(p) = -60*p + 2. Let j be u(1). What is the remainder when (3 + (-45)/10)*j is divided by 10?
7
Let u be (-2)/6*(19 - 4). Let c(h) = 2*h**2 - h - 2. Calculate the remainder when c(u) is divided by 14.
11
Let l = 478 + -473. What is the remainder when 64 is divided by l?
4
Let y(r) = 9*r + 3. Let s = 41 + -40. Let b(d) = -d**3 - 4*d**2 + 5*d - 7. What is the remainder when b(-6) is divided by y(s)?
11
Let l = 5 - -26. Suppose 8*p + 494 = 4*h + 3*p, -p = 2*h - 240. What is the remainder when h is divided by l?
28
Suppose 0 = -2*a - 2*n + 132, 3*a + 3*n = 2*n + 200. Let p = a - 40. Let y(k) = -k**2 + 7*k + 1. Calculate the remainder when p is divided by y(6).
6
Let b(t) = 18*t**2 - 4